{"id":2,"date":"2021-05-17T15:21:00","date_gmt":"2021-05-17T15:21:00","guid":{"rendered":"https:\/\/www.istmnataliavaca.ec\/?page_id=2"},"modified":"2026-04-24T21:45:02","modified_gmt":"2026-04-24T21:45:02","slug":"pagina-ejemplo","status":"publish","type":"page","link":"https:\/\/www.isttungurahua.edu.ec\/","title":{"rendered":"Inicio"},"content":{"rendered":"\n<h2 class=\"wp-block-heading has-text-align-center\">BUENAS NOTICIAS<\/h2>\n\n\n\n<h2 class=\"wp-block-heading has-text-align-center\">ATENCI\u00d3N ESTUDIANTES<\/h2>\n\n\n\n<figure class=\"wp-block-gallery has-nested-images columns-default is-cropped wp-block-gallery-1 is-layout-flex wp-block-gallery-is-layout-flex\">\n<figure class=\"wp-block-image size-large\"><img decoding=\"async\" width=\"788\" height=\"660\" data-id=\"3888\" src=\"https:\/\/www.isttungurahua.edu.ec\/wp-content\/uploads\/2026\/04\/669939730_18094603592328058_8911540507751640806_n-1.jpg\" alt=\"\" class=\"wp-image-3888\" srcset=\"https:\/\/www.isttungurahua.edu.ec\/wp-content\/uploads\/2026\/04\/669939730_18094603592328058_8911540507751640806_n-1.jpg 788w, https:\/\/www.isttungurahua.edu.ec\/wp-content\/uploads\/2026\/04\/669939730_18094603592328058_8911540507751640806_n-1-300x251.jpg 300w, https:\/\/www.isttungurahua.edu.ec\/wp-content\/uploads\/2026\/04\/669939730_18094603592328058_8911540507751640806_n-1-768x643.jpg 768w\" sizes=\"(max-width: 788px) 100vw, 788px\" \/><\/figure>\n\n\n\n<figure class=\"wp-block-image size-large\"><img decoding=\"async\" width=\"788\" height=\"660\" data-id=\"3887\" src=\"https:\/\/www.isttungurahua.edu.ec\/wp-content\/uploads\/2026\/04\/662569402_18094603589328058_1980642762320307714_n-1.jpg\" alt=\"\" class=\"wp-image-3887\" srcset=\"https:\/\/www.isttungurahua.edu.ec\/wp-content\/uploads\/2026\/04\/662569402_18094603589328058_1980642762320307714_n-1.jpg 788w, https:\/\/www.isttungurahua.edu.ec\/wp-content\/uploads\/2026\/04\/662569402_18094603589328058_1980642762320307714_n-1-300x251.jpg 300w, https:\/\/www.isttungurahua.edu.ec\/wp-content\/uploads\/2026\/04\/662569402_18094603589328058_1980642762320307714_n-1-768x643.jpg 768w\" sizes=\"(max-width: 788px) 100vw, 788px\" \/><\/figure>\n<\/figure>\n\n\n\n<p>Ya se encuentran disponibles las fechas de matr\u00edculas <img decoding=\"async\" height=\"16\" width=\"16\" src=\"https:\/\/static.xx.fbcdn.net\/images\/emoji.php\/v9\/t7e\/1\/16\/1f4c5.png\" alt=\"\ud83d\udcc5\">. Toda la informaci\u00f3n detallada puedes revisarla en el siguiente enlace:<\/p>\n\n\n\n<p><a href=\"https:\/\/drive.google.com\/...\/1MYkk618KtsYEgiaMmMD...\/view...\">https:\/\/drive.google.com\/&#8230;\/1MYkk618KtsYEgiaMmMD&#8230;\/view&#8230;<\/a><\/p>\n\n\n\n<p><img decoding=\"async\" height=\"16\" width=\"16\" alt=\"\u26a0\ufe0f\" src=\"https:\/\/static.xx.fbcdn.net\/images\/emoji.php\/v9\/tdc\/1\/16\/26a0.png\"> Recuerda que es importante cumplir con las fechas establecidas, ya que los procesos de matr\u00edcula se realizan seg\u00fan cronogramas definidos y dentro de plazos espec\u00edficos.<\/p>\n\n\n\n<p>\u00a1No dejes pasar tu oportunidad y aseg\u00farate de matricularte a tiempo! <img decoding=\"async\" height=\"16\" width=\"16\" alt=\"\ud83c\udf93\" src=\"https:\/\/static.xx.fbcdn.net\/images\/emoji.php\/v9\/t25\/1\/16\/1f393.png\"><\/p>\n\n\n\n<hr class=\"wp-block-separator has-alpha-channel-opacity\"\/>\n\n\n\n<h2 class=\"wp-block-heading alignwide has-text-align-center\">INF\u00d3RMATE<\/h2>\n\n\n<ul class=\"wp-block-latest-posts__list is-grid columns-2 has-author wp-block-latest-posts\"><li><div class=\"wp-block-latest-posts__featured-image\"><a href=\"https:\/\/www.isttungurahua.edu.ec\/index.php\/2025\/10\/28\/entrega-de-certificados-del-centro-de-idiomas-istt\/\" aria-label=\"ENTREGA DE CERTIFICADOS DEL CENTRO DE IDIOMAS \u2013 ISTT\"><img decoding=\"async\" width=\"150\" height=\"150\" src=\"https:\/\/www.isttungurahua.edu.ec\/wp-content\/uploads\/2025\/10\/WhatsApp-Image-2025-10-27-at-19.57.37-1-150x150.jpeg\" class=\"attachment-thumbnail size-thumbnail wp-post-image\" alt=\"\" style=\"\" srcset=\"https:\/\/www.isttungurahua.edu.ec\/wp-content\/uploads\/2025\/10\/WhatsApp-Image-2025-10-27-at-19.57.37-1-150x150.jpeg 150w, https:\/\/www.isttungurahua.edu.ec\/wp-content\/uploads\/2025\/10\/WhatsApp-Image-2025-10-27-at-19.57.37-1-80x80.jpeg 80w, https:\/\/www.isttungurahua.edu.ec\/wp-content\/uploads\/2025\/10\/WhatsApp-Image-2025-10-27-at-19.57.37-1-320x320.jpeg 320w\" sizes=\"(max-width: 150px) 100vw, 150px\" \/><\/a><\/div><a class=\"wp-block-latest-posts__post-title\" href=\"https:\/\/www.isttungurahua.edu.ec\/index.php\/2025\/10\/28\/entrega-de-certificados-del-centro-de-idiomas-istt\/\">ENTREGA DE CERTIFICADOS DEL CENTRO DE IDIOMAS \u2013 ISTT<\/a><div class=\"wp-block-latest-posts__post-author\">por admin<\/div><div class=\"wp-block-latest-posts__post-excerpt\">La Coordinadora del Centro de Idiomas, junto con su equipo de docentes \ud83d\udc69\u200d\ud83c\udfeb\ud83d\udc68\u200d\ud83c\udfeb, llev\u00f3 a cabo el evento de entrega de certificados de aprobaci\u00f3n del nivel A2 \ud83d\udcdc, correspondiente al per\u00edodo acad\u00e9mico 2025-I, requisito&#46;&#46;&#46;<\/div><\/li>\n<li><div class=\"wp-block-latest-posts__featured-image\"><a href=\"https:\/\/www.isttungurahua.edu.ec\/index.php\/2025\/10\/28\/participacion-destacada-en-la-copa-del-leon\/\" aria-label=\"PARTICIPACI\u00d3N DESTACADA EN LA COPA DEL LE\u00d3N\"><img decoding=\"async\" width=\"150\" height=\"150\" src=\"https:\/\/www.isttungurahua.edu.ec\/wp-content\/uploads\/2025\/10\/WhatsApp-Image-2025-10-27-at-19.43.22-1-150x150.jpeg\" class=\"attachment-thumbnail size-thumbnail wp-post-image\" alt=\"\" style=\"\" srcset=\"https:\/\/www.isttungurahua.edu.ec\/wp-content\/uploads\/2025\/10\/WhatsApp-Image-2025-10-27-at-19.43.22-1-150x150.jpeg 150w, https:\/\/www.isttungurahua.edu.ec\/wp-content\/uploads\/2025\/10\/WhatsApp-Image-2025-10-27-at-19.43.22-1-80x80.jpeg 80w, https:\/\/www.isttungurahua.edu.ec\/wp-content\/uploads\/2025\/10\/WhatsApp-Image-2025-10-27-at-19.43.22-1-320x320.jpeg 320w\" sizes=\"(max-width: 150px) 100vw, 150px\" \/><\/a><\/div><a class=\"wp-block-latest-posts__post-title\" href=\"https:\/\/www.isttungurahua.edu.ec\/index.php\/2025\/10\/28\/participacion-destacada-en-la-copa-del-leon\/\">PARTICIPACI\u00d3N DESTACADA EN LA COPA DEL LE\u00d3N<\/a><div class=\"wp-block-latest-posts__post-author\">por admin<\/div><div class=\"wp-block-latest-posts__post-excerpt\">El Instituto Superior Tecnol\u00f3gico Tungurahua se hizo presente con orgullo en la Copa del Le\u00f3n, organizada por el Instituto Superior Tecnol\u00f3gicoVicente Le\u00f3n Latacunga, reuniendo a los institutos de la Zona 3. \ud83d\udcaa Nuestros docentes&#46;&#46;&#46;<\/div><\/li>\n<li><div class=\"wp-block-latest-posts__featured-image\"><a href=\"https:\/\/www.isttungurahua.edu.ec\/index.php\/2025\/06\/25\/rendicion-de-cuentas-de-la-secretaria-de-educacion-superior-ciencia-tecnologia-e-innovacion\/\" aria-label=\"RENDICI\u00d3N DE CUENTAS DE LA SECRETAR\u00cdA DE EDUCACI\u00d3N SUPERIOR CIENCIA, TECNOLOG\u00cdA E INNOVACI\u00d3N\"><img decoding=\"async\" width=\"150\" height=\"150\" src=\"https:\/\/www.isttungurahua.edu.ec\/wp-content\/uploads\/2025\/06\/WhatsApp-Image-2025-06-25-at-16.13.01-150x150.jpeg\" class=\"attachment-thumbnail size-thumbnail wp-post-image\" alt=\"\" style=\"\" srcset=\"https:\/\/www.isttungurahua.edu.ec\/wp-content\/uploads\/2025\/06\/WhatsApp-Image-2025-06-25-at-16.13.01-150x150.jpeg 150w, https:\/\/www.isttungurahua.edu.ec\/wp-content\/uploads\/2025\/06\/WhatsApp-Image-2025-06-25-at-16.13.01-80x80.jpeg 80w, https:\/\/www.isttungurahua.edu.ec\/wp-content\/uploads\/2025\/06\/WhatsApp-Image-2025-06-25-at-16.13.01-320x320.jpeg 320w\" sizes=\"(max-width: 150px) 100vw, 150px\" \/><\/a><\/div><a class=\"wp-block-latest-posts__post-title\" href=\"https:\/\/www.isttungurahua.edu.ec\/index.php\/2025\/06\/25\/rendicion-de-cuentas-de-la-secretaria-de-educacion-superior-ciencia-tecnologia-e-innovacion\/\">RENDICI\u00d3N DE CUENTAS DE LA SECRETAR\u00cdA DE EDUCACI\u00d3N SUPERIOR CIENCIA, TECNOLOG\u00cdA E INNOVACI\u00d3N<\/a><div class=\"wp-block-latest-posts__post-author\">por admin<\/div><div class=\"wp-block-latest-posts__post-excerpt\">\ud83c\udf93 El Instituto Superior Tecnol\u00f3gico Tungurahua (ISTT) estuvo presente en el evento de Rendici\u00f3n de Cuentas de la Secretar\u00eda de Educaci\u00f3n Superior, Ciencia, Tecnolog\u00eda e Innovaci\u00f3n \u2013 Senescyt. \u2705 Participamos activamente en este espacio&#46;&#46;&#46;<\/div><\/li>\n<li><div class=\"wp-block-latest-posts__featured-image\"><a href=\"https:\/\/www.isttungurahua.edu.ec\/index.php\/2025\/03\/06\/planificacion-operativa-anual-2025\/\" aria-label=\"PLANIFICACI\u00d3N OPERATIVA ANUAL 2025\"><img decoding=\"async\" width=\"150\" height=\"150\" src=\"https:\/\/www.isttungurahua.edu.ec\/wp-content\/uploads\/2025\/03\/1-150x150.jpg\" class=\"attachment-thumbnail size-thumbnail wp-post-image\" alt=\"\" style=\"\" srcset=\"https:\/\/www.isttungurahua.edu.ec\/wp-content\/uploads\/2025\/03\/1-150x150.jpg 150w, https:\/\/www.isttungurahua.edu.ec\/wp-content\/uploads\/2025\/03\/1-80x80.jpg 80w, https:\/\/www.isttungurahua.edu.ec\/wp-content\/uploads\/2025\/03\/1-320x320.jpg 320w\" sizes=\"(max-width: 150px) 100vw, 150px\" \/><\/a><\/div><a class=\"wp-block-latest-posts__post-title\" href=\"https:\/\/www.isttungurahua.edu.ec\/index.php\/2025\/03\/06\/planificacion-operativa-anual-2025\/\">PLANIFICACI\u00d3N OPERATIVA ANUAL 2025<\/a><div class=\"wp-block-latest-posts__post-author\">por admin<\/div><div class=\"wp-block-latest-posts__post-excerpt\">\ud83d\udce2 \u00a1Tu participaci\u00f3n es clave! \ud83d\udce2 Juntos podemos alcanzar las metas propuestas para el crecimiento y mejora de nuestra instituci\u00f3n. Te invitamos a leer e informarte sobre la: Planificaci\u00f3n Operativa Anual 2025<\/div><\/li>\n<\/ul>\n\n\n<hr class=\"wp-block-separator has-alpha-channel-opacity\"\/>\n\n\n\n<p>Ent\u00e9rate y \u00fanete para cumplir las metas institucionales tu apoyo es importante&#8230;<\/p>\n\n\n\n<figure class=\"wp-block-image size-large\"><img decoding=\"async\" width=\"1024\" height=\"576\" src=\"https:\/\/www.isttungurahua.edu.ec\/wp-content\/uploads\/2025\/03\/1-1024x576.jpg\" alt=\"\" class=\"wp-image-3151\" srcset=\"https:\/\/www.isttungurahua.edu.ec\/wp-content\/uploads\/2025\/03\/1-1024x576.jpg 1024w, https:\/\/www.isttungurahua.edu.ec\/wp-content\/uploads\/2025\/03\/1-300x169.jpg 300w, https:\/\/www.isttungurahua.edu.ec\/wp-content\/uploads\/2025\/03\/1-768x432.jpg 768w, https:\/\/www.isttungurahua.edu.ec\/wp-content\/uploads\/2025\/03\/1-1536x864.jpg 1536w, https:\/\/www.isttungurahua.edu.ec\/wp-content\/uploads\/2025\/03\/1.jpg 1920w\" sizes=\"(max-width: 1024px) 100vw, 1024px\" \/><\/figure>\n\n\n\n<hr class=\"wp-block-separator has-alpha-channel-opacity is-style-dots\"\/>\n\n\n\n<h2 class=\"wp-block-heading alignwide has-text-align-center\">BIENVENIDO<\/h2>\n\n\n\n<p>Se parte de la familia del Instituto Superior Tecnol\u00f3gico Tungurahua&#8230;<\/p>\n\n\n\n<figure class=\"wp-block-video\"><video autoplay controls loop src=\"https:\/\/www.isttungurahua.edu.ec\/wp-content\/uploads\/2025\/10\/Video-Actua-EI.mp4\" playsinline><\/video><\/figure>\n\n\n\n<p><\/p>\n\n\n\n<hr class=\"wp-block-separator has-alpha-channel-opacity\"\/>\n","protected":false},"excerpt":{"rendered":"<p>BUENAS NOTICIAS ATENCI\u00d3N ESTUDIANTES Ya se encuentran disponibles las fechas de matr\u00edculas . Toda la informaci\u00f3n detallada puedes revisarla en el siguiente enlace: https:\/\/drive.google.com\/&#8230;\/1MYkk618KtsYEgiaMmMD&#8230;\/view&#8230; Recuerda que es importante cumplir con las fechas establecidas, ya&#46;&#46;&#46;<\/p>\n","protected":false},"author":1,"featured_media":0,"parent":0,"menu_order":0,"comment_status":"closed","ping_status":"open","template":"","meta":{"_mi_skip_tracking":false,"_monsterinsights_sitenote_active":false,"_monsterinsights_sitenote_note":"","_monsterinsights_sitenote_category":0,"footnotes":""},"_links":{"self":[{"href":"https:\/\/www.isttungurahua.edu.ec\/index.php\/wp-json\/wp\/v2\/pages\/2"}],"collection":[{"href":"https:\/\/www.isttungurahua.edu.ec\/index.php\/wp-json\/wp\/v2\/pages"}],"about":[{"href":"https:\/\/www.isttungurahua.edu.ec\/index.php\/wp-json\/wp\/v2\/types\/page"}],"author":[{"embeddable":true,"href":"https:\/\/www.isttungurahua.edu.ec\/index.php\/wp-json\/wp\/v2\/users\/1"}],"replies":[{"embeddable":true,"href":"https:\/\/www.isttungurahua.edu.ec\/index.php\/wp-json\/wp\/v2\/comments?post=2"}],"version-history":[{"count":227,"href":"https:\/\/www.isttungurahua.edu.ec\/index.php\/wp-json\/wp\/v2\/pages\/2\/revisions"}],"predecessor-version":[{"id":3889,"href":"https:\/\/www.isttungurahua.edu.ec\/index.php\/wp-json\/wp\/v2\/pages\/2\/revisions\/3889"}],"wp:attachment":[{"href":"https:\/\/www.isttungurahua.edu.ec\/index.php\/wp-json\/wp\/v2\/media?parent=2"}],"curies":[{"name":"wp","href":"https:\/\/api.w.org\/{rel}","templated":true}]}}