{"id":1058,"date":"2022-08-26T20:57:19","date_gmt":"2022-08-26T20:57:19","guid":{"rendered":"https:\/\/www.isttungurahua.edu.ec\/?page_id=1058"},"modified":"2025-08-29T14:36:09","modified_gmt":"2025-08-29T14:36:09","slug":"normativas-institucionales","status":"publish","type":"page","link":"https:\/\/www.isttungurahua.edu.ec\/index.php\/normativas-institucionales\/","title":{"rendered":"Normativas Institucionales"},"content":{"rendered":"\n<div class=\"wp-block-file\"><a id=\"wp-block-file--media-4a3de99f-131c-4cc4-9b33-78c8b9e4f6fc\" href=\"https:\/\/www.isttungurahua.edu.ec\/wp-content\/uploads\/2023\/04\/MODELO-ISTT_2022-signed.pdf\" target=\"_blank\" rel=\"noreferrer noopener\">Modelo Educativo y Pedag\u00f3gico ISTT 2022<\/a><\/div>\n\n\n\n<div class=\"wp-block-file\"><a id=\"wp-block-file--media-4a3de99f-131c-4cc4-9b33-78c8b9e4f6fc\" href=\"https:\/\/www.isttungurahua.edu.ec\/wp-content\/uploads\/2025\/04\/PEDI-v2.0-ISTT-resolucion-y-anexo_.pdf\" target=\"_blank\" rel=\"noreferrer noopener\">Plan Estrat\u00e9gico Desarrollo Institucional V2.0<\/a><\/div>\n\n\n\n<div class=\"wp-block-file\"><a id=\"wp-block-file--media-4a3de99f-131c-4cc4-9b33-78c8b9e4f6fc\" href=\"https:\/\/www.isttungurahua.edu.ec\/wp-content\/uploads\/2023\/02\/Planificacion-Estrategica-a-Largo-Plazo-_Docencia-y-Academia.pdf\" target=\"_blank\" rel=\"noreferrer noopener\">Planificaci\u00f3n Estrat\u00e9gica a Largo Plazo Docencia y Acad\u00e9mica<\/a><\/div>\n\n\n\n<div class=\"wp-block-file\"><a id=\"wp-block-file--media-4a3de99f-131c-4cc4-9b33-78c8b9e4f6fc\" href=\"https:\/\/www.isttungurahua.edu.ec\/wp-content\/uploads\/2025\/08\/3-PLANIFICACION-ESTRATEGICA-A-LARGO-PLAZO.pdf\" target=\"_blank\" rel=\"noreferrer noopener\">Planificaci\u00f3n Estrat\u00e9gica a Largo Plazo CDITT<\/a><\/div>\n\n\n\n<div class=\"wp-block-file\"><a id=\"wp-block-file--media-4a3de99f-131c-4cc4-9b33-78c8b9e4f6fc\" href=\"https:\/\/www.isttungurahua.edu.ec\/wp-content\/uploads\/2023\/02\/Planificacion-Estrategica-a-Largo-Plazo-_CVS.pdf\" target=\"_blank\" rel=\"noreferrer noopener\">Planificaci\u00f3n Estrat\u00e9gica a Largo Plazo CVS<\/a><\/div>\n\n\n\n<div class=\"wp-block-file\"><a id=\"wp-block-file--media-4a3de99f-131c-4cc4-9b33-78c8b9e4f6fc\" href=\"https:\/\/www.isttungurahua.edu.ec\/wp-content\/uploads\/2023\/03\/Resolucion_Accion-Afirmativa.pdf\" target=\"_blank\" rel=\"noreferrer noopener\">Reglamento para la Acci\u00f3n Afirmativa<\/a><\/div>\n\n\n\n<div class=\"wp-block-file\"><a id=\"wp-block-file--media-4bd4a628-b9bb-481f-967f-2c5c1dbb00f6\" href=\"https:\/\/www.isttungurahua.edu.ec\/wp-content\/uploads\/2022\/09\/Reglamento-Evaluacion-Desempeno-Docente-ISTT-1.pdf\" target=\"_blank\" rel=\"noreferrer noopener\">Reglamento Evaluaci\u00f3n Desempe\u00f1o Docente<\/a><\/div>\n\n\n\n<div class=\"wp-block-file\"><a id=\"wp-block-file--media-e86816fe-93a7-479a-8ef1-36affd7d2e2c\" href=\"https:\/\/www.isttungurahua.edu.ec\/wp-content\/uploads\/2022\/09\/Instructivo-para-la-aplicacion-del-proceso-de-Evaluacion-del-Desempeno-Docente-ISTT-1.pdf\" target=\"_blank\" rel=\"noreferrer noopener\">Instructivo de Evaluaci\u00f3n del Desempe\u00f1o Docente<\/a><\/div>\n\n\n\n<div class=\"wp-block-file\"><a id=\"wp-block-file--media-4a3de99f-131c-4cc4-9b33-78c8b9e4f6fc\" href=\"https:\/\/www.isttungurahua.edu.ec\/wp-content\/uploads\/2025\/08\/2-LINEAS-Y-PROGRAMAS-DE-INVESTIGACION.docx.pdf\" target=\"_blank\" rel=\"noreferrer noopener\">L\u00edneas y programas de Investigaci\u00f3n<\/a><\/div>\n\n\n\n<p><a href=\"https:\/\/drive.google.com\/drive\/folders\/1rvZ3N5EoP783qfiBO3zz24VweGKl07vh\">Plan Operativo Anual<\/a><\/p>\n\n\n\n<hr class=\"wp-block-separator has-alpha-channel-opacity\"\/>\n\n\n\n<div class=\"wp-block-file\"><a id=\"wp-block-file--media-34f6dca3-0c37-4709-b866-6ba1ba386922\" href=\"https:\/\/www.isttungurahua.edu.ec\/wp-content\/uploads\/2024\/12\/RESOLUCION-ISTT-ROCS-020-2024-NORMATIVA-INTERNA-ENTORNO-ACADEMICO.pdf\" target=\"_blank\" rel=\"noreferrer noopener\">RESOLUCI\u00d3N ISTT-ROCS-020-2024 Normativa Interna del Formaci\u00f3n Practica en el Entorno Acad\u00e9mico<\/a><\/div>\n\n\n\n<div class=\"wp-block-file\"><a id=\"wp-block-file--media-34f6dca3-0c37-4709-b866-6ba1ba386922\" href=\"https:\/\/www.isttungurahua.edu.ec\/wp-content\/uploads\/2024\/12\/RESOLUCION-ISTT_ROCS-093-2024-CLUB-AMBIENTALISTA.pdf\" target=\"_blank\" rel=\"noreferrer noopener\">RESOLUCI\u00d3N ISTT-ROCS-093-2024 Club Ambientalista<\/a><\/div>\n\n\n\n<div class=\"wp-block-file\"><a id=\"wp-block-file--media-34f6dca3-0c37-4709-b866-6ba1ba386922\" href=\"https:\/\/www.isttungurahua.edu.ec\/wp-content\/uploads\/2024\/12\/RESOLUCION-ISTT-ROCS-0122-2024-REG-INTEGRACION-CURRICULAR.pdf\" target=\"_blank\" rel=\"noreferrer noopener\">RESOLUCI\u00d3N ISTT-ROCS-0122-2024 Reglamento de la Unidad de Integraci\u00f3n Curricular<\/a><\/div>\n\n\n\n<div class=\"wp-block-file\"><a id=\"wp-block-file--media-34f6dca3-0c37-4709-b866-6ba1ba386922\" href=\"https:\/\/www.isttungurahua.edu.ec\/wp-content\/uploads\/2024\/12\/RESOLUCION-ISTT-ROCS-0123-2024-MANUAL-DE-UNIDAD-DE-INTEGRACION-CURRICULAR.pdf\" target=\"_blank\" rel=\"noreferrer noopener\">RESOLUCI\u00d3N ISTT-ROCS-0123-2024 Manual de la Unidad de Integraci\u00f3n Curricular<\/a><\/div>\n\n\n\n<div class=\"wp-block-file\"><a id=\"wp-block-file--media-34f6dca3-0c37-4709-b866-6ba1ba386922\" href=\"https:\/\/www.isttungurahua.edu.ec\/wp-content\/uploads\/2024\/12\/RESOLUCION-ISTT-ROCS-0124-2024-REGLAMENTO-VINCULACION-CON-LA-SOCIEDAD.pdf\" target=\"_blank\" rel=\"noreferrer noopener\">RESOLUCI\u00d3N ISTT-ROCS-0124-2024 Reglamento de Vinculaci\u00f3n con la Sociedad<\/a><\/div>\n\n\n\n<div class=\"wp-block-file\"><a id=\"wp-block-file--media-34f6dca3-0c37-4709-b866-6ba1ba386922\" href=\"https:\/\/www.isttungurahua.edu.ec\/wp-content\/uploads\/2024\/12\/RESOLUCION-ISTT-ROCS-0125-2024-REGLAMENTO-DE-CONSEJO-EDITORIA-1-12.pdf\" target=\"_blank\" rel=\"noreferrer noopener\">RESOLUCI\u00d3N ISTT-ROCS-0125-2024 Reglamento de Consejo Editorial Ediciones Tungurahua Digital<\/a><\/div>\n\n\n\n<div class=\"wp-block-file\"><a id=\"wp-block-file--media-34f6dca3-0c37-4709-b866-6ba1ba386922\" href=\"https:\/\/www.isttungurahua.edu.ec\/wp-content\/uploads\/2024\/12\/RESOLUCION-ISTT-ROCS-0126-2024-REGLAMENTO-DE-UNIDAD-DE-ASEGURAMIENTO-DE-LA-CALIDAD.pdf\" target=\"_blank\" rel=\"noreferrer noopener\">RESOLUCI\u00d3N ISTT-ROCS-0126-2024 Reglamento de la Unidad de Aseguramiento de la Calidad<\/a><\/div>\n\n\n\n<div class=\"wp-block-file\"><a id=\"wp-block-file--media-34f6dca3-0c37-4709-b866-6ba1ba386922\" href=\"https:\/\/www.isttungurahua.edu.ec\/wp-content\/uploads\/2024\/12\/RESOLUCION-ISTT-ROCS-0127-2024-REGLAMENTO-DE-SERVICIOS-DE-BIBLIOTECA.pdf\" target=\"_blank\" rel=\"noreferrer noopener\">RESOLUCI\u00d3N ISTT-ROCS-0127-2024 Reglamento de la Unidad de Servicios de Biblioteca<\/a><\/div>\n\n\n\n<div class=\"wp-block-file\"><a id=\"wp-block-file--media-34f6dca3-0c37-4709-b866-6ba1ba386922\" href=\"https:\/\/www.isttungurahua.edu.ec\/wp-content\/uploads\/2024\/12\/RESOLUCION-ISTT-ROCS-0128-2024-REGLAMENTO-PROCURADURIA.pdf\" target=\"_blank\" rel=\"noreferrer noopener\">RESOLUCI\u00d3N ISTT-ROCS-0128-2024 Reglamento de Procuradur\u00eda General<\/a><\/div>\n\n\n\n<div class=\"wp-block-file\"><a id=\"wp-block-file--media-34f6dca3-0c37-4709-b866-6ba1ba386922\" href=\"https:\/\/www.isttungurahua.edu.ec\/wp-content\/uploads\/2024\/12\/RESOLUCION-ISTT-ROCS-0130-2024-REGLAMENTO-COORDINACION-DE-INVESTIGACION.pdf\" target=\"_blank\" rel=\"noreferrer noopener\">RESOLUCI\u00d3N ISTT-ROCS-0130-2024 Reglamento de la Coordinaci\u00f3n de Investigaci\u00f3n, Desarrollo Tecnol\u00f3gico e Innovaci\u00f3n<\/a><\/div>\n\n\n\n<div class=\"wp-block-file\"><a id=\"wp-block-file--media-34f6dca3-0c37-4709-b866-6ba1ba386922\" href=\"https:\/\/www.isttungurahua.edu.ec\/wp-content\/uploads\/2024\/12\/RESOLUCION-ISTT-ROCS-0131-2024-NORMATIVA-DEL-SISTEMA-DE-INNOVACION.pdf\" target=\"_blank\" rel=\"noreferrer noopener\">RESOLUCI\u00d3N ISTT-ROCS-0131-2024 Normativa del Sistema de Innovaci\u00f3n y Capacidad de Absorci\u00f3n <\/a><\/div>\n\n\n\n<div class=\"wp-block-file\"><a id=\"wp-block-file--media-34f6dca3-0c37-4709-b866-6ba1ba386922\" href=\"https:\/\/www.isttungurahua.edu.ec\/wp-content\/uploads\/2024\/12\/RESOLUCION-ISTT-ROCS-0132-2024-REGLAMENTO-DE-UNIDAD-DE-RELACIONES-INTERNACIONALES.pdf\" target=\"_blank\" rel=\"noreferrer noopener\">RESOLUCI\u00d3N ISTT-ROCS-0132-2024 Reglamento de la Unidad de Relaciones Internacionales<\/a><\/div>\n\n\n\n<div class=\"wp-block-file\"><a id=\"wp-block-file--media-34f6dca3-0c37-4709-b866-6ba1ba386922\" href=\"https:\/\/www.isttungurahua.edu.ec\/wp-content\/uploads\/2024\/12\/RESOLUCION-ISTT-ROCS-0133-2024-REGLAMENTO-DE-REGIMEN-DISCIPLINARIO.pdf\" target=\"_blank\" rel=\"noreferrer noopener\">RESOLUCI\u00d3N ISTT-ROCS-0133-2024 Reglamento de R\u00e9gimen Disciplinario<\/a><\/div>\n\n\n\n<div class=\"wp-block-file\"><a id=\"wp-block-file--media-34f6dca3-0c37-4709-b866-6ba1ba386922\" href=\"https:\/\/www.isttungurahua.edu.ec\/wp-content\/uploads\/2024\/12\/RESOLUCION-ISTT-ROCS-0134-2024-NORMATIVA-DE-SEGUIMIENTO-Y-RELACION-CON-LOS-GRADUADOS.pdf\" target=\"_blank\" rel=\"noreferrer noopener\">RESOLUCI\u00d3N ISTT-ROCS-0134-2024 Normativa de Seguimiento y Relaci\u00f3n con los Graduados<\/a><\/div>\n\n\n\n<div class=\"wp-block-file\"><a id=\"wp-block-file--media-34f6dca3-0c37-4709-b866-6ba1ba386922\" href=\"https:\/\/www.isttungurahua.edu.ec\/wp-content\/uploads\/2024\/12\/RESOLUCION-ISTT-ROCS-0136-2024-NORMATIVA-DEL-CFISE.pdf\" target=\"_blank\" rel=\"noreferrer noopener\">RESOLUCI\u00d3N ISTT-ROCS-0136-2024 Normativa del Centro de Formaci\u00f3n Integral y Centros Especializados<\/a><\/div>\n\n\n\n<div class=\"wp-block-file\"><a id=\"wp-block-file--media-34f6dca3-0c37-4709-b866-6ba1ba386922\" href=\"https:\/\/www.isttungurahua.edu.ec\/wp-content\/uploads\/2024\/12\/RESOLUCION-ISTT-ROCS-0171-2024-REGLAMENTO-SIGA-MANUAL-SIGA-FORMACION-SIGA.pdf\" target=\"_blank\" rel=\"noreferrer noopener\">RESOLUCI\u00d3N ISTT-ROCS-0171-2024 Reglamento del Sistema Integrado de Gesti\u00f3n Acad\u00e9mica, Administrativa  y Documental de Institutos Superiores T\u00e9cnicos, Tecnol\u00f3gicos, Pedag\u00f3gicos, de Artes y Conservatorios<\/a><\/div>\n\n\n\n<div class=\"wp-block-file\"><a id=\"wp-block-file--media-34f6dca3-0c37-4709-b866-6ba1ba386922\" href=\"https:\/\/www.isttungurahua.edu.ec\/wp-content\/uploads\/2024\/12\/RESOLUCION-ISTT-ROCS-0173-2024-CODIGO-DE-ETICA-Y-TRANSPARENCIA.pdf\" target=\"_blank\" rel=\"noreferrer noopener\">RESOLUCI\u00d3N ISTT-ROCS-0173-2024 C\u00f3digo de \u00c9tica y Transparencia<\/a><\/div>\n\n\n\n<div class=\"wp-block-file\"><a id=\"wp-block-file--media-34f6dca3-0c37-4709-b866-6ba1ba386922\" href=\"https:\/\/www.isttungurahua.edu.ec\/wp-content\/uploads\/2024\/12\/Reglamento-interno-de-SEGURIDAD-Y-SALUD-OCUPACIONAL.pdf\" target=\"_blank\" rel=\"noreferrer noopener\">Reglamento interno de Seguridad y Salud Ocupacional<\/a><\/div>\n","protected":false},"excerpt":{"rendered":"<p>Plan Operativo Anual<\/p>\n","protected":false},"author":1,"featured_media":0,"parent":0,"menu_order":0,"comment_status":"closed","ping_status":"closed","template":"","meta":{"_mi_skip_tracking":false,"_monsterinsights_sitenote_active":false,"_monsterinsights_sitenote_note":"","_monsterinsights_sitenote_category":0,"footnotes":""},"_links":{"self":[{"href":"https:\/\/www.isttungurahua.edu.ec\/index.php\/wp-json\/wp\/v2\/pages\/1058"}],"collection":[{"href":"https:\/\/www.isttungurahua.edu.ec\/index.php\/wp-json\/wp\/v2\/pages"}],"about":[{"href":"https:\/\/www.isttungurahua.edu.ec\/index.php\/wp-json\/wp\/v2\/types\/page"}],"author":[{"embeddable":true,"href":"https:\/\/www.isttungurahua.edu.ec\/index.php\/wp-json\/wp\/v2\/users\/1"}],"replies":[{"embeddable":true,"href":"https:\/\/www.isttungurahua.edu.ec\/index.php\/wp-json\/wp\/v2\/comments?post=1058"}],"version-history":[{"count":51,"href":"https:\/\/www.isttungurahua.edu.ec\/index.php\/wp-json\/wp\/v2\/pages\/1058\/revisions"}],"predecessor-version":[{"id":3480,"href":"https:\/\/www.isttungurahua.edu.ec\/index.php\/wp-json\/wp\/v2\/pages\/1058\/revisions\/3480"}],"wp:attachment":[{"href":"https:\/\/www.isttungurahua.edu.ec\/index.php\/wp-json\/wp\/v2\/media?parent=1058"}],"curies":[{"name":"wp","href":"https:\/\/api.w.org\/{rel}","templated":true}]}}